me factors of 259042.
2, 7, 18503
What are the prime factors of 6767341?
7, 167, 827
What are the prime factors of 127100?
2, 5, 31, 41
List the prime factors of 17610461.
11, 101, 131
What are the prime factors of 163542?
2, 3, 97, 281
List the prime factors of 359529.
3, 37, 41, 79
List the prime factors of 197693.
17, 29, 401
What are the prime factors of 12737244?
2, 3, 13, 81649
What are the prime factors of 9286856?
2, 31, 37447
List the prime factors of 417595.
5, 47, 1777
What are the prime factors of 719126?
2, 359563
What are the prime factors of 629206?
2, 314603
What are the prime factors of 4456758?
2, 3, 541, 1373
List the prime factors of 2790024.
2, 3, 101, 1151
List the prime factors of 4140620.
2, 5, 11, 29, 59
What are the prime factors of 8756260?
2, 5, 29, 31, 487
What are the prime factors of 2076295?
5, 13, 17, 1879
List the prime factors of 8991149.
8991149
What are the prime factors of 129041?
11, 11731
List the prime factors of 31773855.
3, 5, 239, 8863
What are the prime factors of 7995643?
7995643
What are the prime factors of 3967397?
7, 97, 5843
List the prime factors of 8074815.
3, 5, 7, 53, 1451
What are the prime factors of 471484?
2, 13, 9067
What are the prime factors of 538969?
179, 3011
List the prime factors of 477730.
2, 5, 11, 43, 101
What are the prime factors of 541707?
3, 180569
What are the prime factors of 4591130?
2, 5, 459113
What are the prime factors of 17301944?
2, 11, 196613
List the prime factors of 131926.
2, 65963
List the prime factors of 7834459.
7834459
What are the prime factors of 1025734?
2, 19, 26993
What are the prime factors of 319636?
2, 41, 1949
List the prime factors of 4550063.
7, 19, 34211
What are the prime factors of 793783?
47, 16889
List the prime factors of 2848220.
2, 5, 53, 2687
List the prime factors of 959331.
3, 89, 3593
What are the prime factors of 1884672?
2, 3, 409
What are the prime factors of 486424?
2, 41, 1483
What are the prime factors of 344026?
2, 37, 4649
What are the prime factors of 84065?
5, 17, 23, 43
What are the prime factors of 318322?
2, 159161
List the prime factors of 309703.
337, 919
What are the prime factors of 157137?
3, 52379
List the prime factors of 10457797.
7, 1493971
What are the prime factors of 1061401?
11, 47, 2053
List the prime factors of 14175447.
3, 11, 13, 173, 191
What are the prime factors of 2937428?
2, 13, 56489
What are the prime factors of 7917308?
2, 7, 17, 16633
List the prime factors of 118360.
2, 5, 11, 269
What are the prime factors of 4523829?
3, 467, 3229
What are the prime factors of 113961?
3, 37987
List the prime factors of 2801960.
2, 5, 7, 10007
List the prime factors of 16960457.
971, 17467
List the prime factors of 3914234.
2, 1957117
What are the prime factors of 2595354?
2, 3, 432559
List the prime factors of 3781782.
2, 3, 59, 1187
What are the prime factors of 5363404?
2, 149, 8999
What are the prime factors of 442831?
442831
What are the prime factors of 1761977?
7, 37, 6803
List the prime factors of 3442707.
3, 179, 2137
What are the prime factors of 5882517?
3, 223, 977
List the prime factors of 18014401.
89, 202409
What are the prime factors of 3556269?
3, 395141
What are the prime factors of 44217?
3, 17
What are the prime factors of 12610745?
5, 7, 360307
What are the prime factors of 223775?
5, 8951
What are the prime factors of 84781?
149, 569
List the prime factors of 3742360.
2, 5, 93559
What are the prime factors of 803696?
2, 50231
List the prime factors of 1649501.
7, 61, 3863
List the prime factors of 427486.
2, 211, 1013
What are the prime factors of 656715?
3, 5, 43781
What are the prime factors of 72974?
2, 11, 31, 107
What are the prime factors of 3180125?
5, 13, 19, 103
List the prime factors of 1256531.
1256531
List the prime factors of 1076739.
3, 379, 947
What are the prime factors of 822110?
2, 5, 229, 359
List the prime factors of 18058059.
3, 23, 359
What are the prime factors of 1084888?
2, 7, 19373
What are the prime factors of 7027060?
2, 5, 43, 8171
List the prime factors of 332762.
2, 379, 439
List the prime factors of 4056793.
13, 313, 997
List the prime factors of 14285920.
2, 5, 11, 8117
What are the prime factors of 1015222?
2, 13, 39047
List the prime factors of 4915270.
2, 5, 491527
List the prime factors of 2677005.
3, 5, 19, 31, 101
List the prime factors of 21920001.
3, 47, 155461
List the prime factors of 158901.
3, 52967
List the prime factors of 62589.
3, 31, 673
List the prime factors of 25297.
41, 617
List the prime factors of 729436.
2, 17, 631
List the prime factors of 2461276.
2, 23, 31, 863
What are the prime factors of 171361?
19, 29, 311
List the prime factors of 170022.
2, 3, 43, 659
List the prime factors of 521673.
3, 173891
What are the prime factors of 617967?
3, 7, 17, 577
List the prime factors of 7258248.
2, 3, 23, 487
What are the prime factors of 29156787?
3, 11, 127, 773
What are the prime factors of 207853?
347, 599
List the prime factors of 467972.
2, 116993
What are the prime factors of 298159?
298159
What are the prime factors of 3452602?
2, 113, 15277
List the prime factors of 598362.
2, 3, 31, 3217
List the prime factors of 3976800.
2, 3, 5, 1657
List the prime factors of 7148630.
2, 5, 23, 31081
List the prime factors of 494567.
494567
List the prime factors of 15633017.
2549, 6133
List the prime factors of 197480.
2, 5, 4937
What are the prime factors of 6070123?
79, 76837
What are the prime factors of 134379?
3, 7, 79
List the prime factors of 242228.
2, 7, 41, 211
What are the prime factors of 24842391?
3, 7, 257, 4603
List the prime factors of 16567488.
2, 3, 7, 587
List the prime factors of 131718.
2, 3, 29, 757
List the prime factors of 55345.
5, 11069
List the prime factors of 77537.
17, 4561
What are the prime factors of 75342?
2, 3, 29, 433
List the prime factors of 2298264.
2, 3, 17, 43, 131
What are the prime factors of 2427180?
2, 3, 5, 7, 5779
List the prime factors of 32198800.
2, 5, 101, 797
What are the prime factors of 1819275?
3, 5, 127, 191
List the prime factors of 4002011.
13, 83, 3709
What are the prime factors of 14853130?
2, 5, 983, 1511
What are the prime factors of 722711?
11, 65701
What are the prime factors of 13469249?
241, 55889
List the prime factors of 13387677.
3, 1667, 2677
What are the prime factors of 251614?
2, 11, 11437
What are the prime factors of 2425223?
31, 78233
List the prime factors of 1263133.
1263133
List the prime factors of 116416.
2, 17, 107
List the prime factors of 2942291.
11, 267481
What are the prime factors of 121729?
41, 2969
What are the prime factors of 5077930?
2, 5, 11, 13, 53, 67
List the prime factors of 1299114.
2, 3, 72173
List the prime factors of 9833353.
59, 166667
What are the prime factors of 2523302?
2, 797, 1583
List the prime factors of 231374.
2, 11, 13, 809
What are the prime factors of 627951?
3, 209317
What are the prime factors of 461518?
2, 23, 79, 127
What are the prime factors of 34840910?
2, 5, 13, 83, 3229
List the prime factors of 23943698.
2, 2503, 4783
List the prime factors of 1343120.
2, 5, 103, 163
What are the prime factors of 494343?
3, 17, 359
List the prime factors of 137005.
5, 11, 47, 53
What are the prime factors of 5950186?
2, 11, 270463
List the prime factors of 7155687.
3, 7, 11, 30977
What are the prime factors of 1281145?
5, 257, 997
What are the prime factors of 21817103?
7, 11, 17, 2381
List the prime factors of 1051776.
2, 3, 11, 83
What are the prime factors of 1590865?
5, 318173
What are the prime factors of 13924200?
2, 3, 5, 23, 1009
What are the prime factors of 969817?
19, 51043
List the prime factors of 4035606.
2, 3, 227, 2963
What are the prime factors of 3117890?
2, 5, 167, 1867
What are the prime factors of 115588?
2, 11, 37, 71
What are the prime factors of 1630218?
2, 3, 271703
What are the prime factors of 2456704?
2, 17, 1129
What are the prime factors of 11419458?
2, 3, 37, 51439
What are the prime factors of 1651751?
67, 89, 277
What are the prime factors of 15116068?
2, 11, 343547
What are the prime factors of 288151?
107, 2693
List the prime factors of 11428952.
2, 857, 1667
What are the prime factors of 270506?
2, 31, 4363
List the prime factors of 11242407.
3, 11, 461, 739
List the prime factors of 5922068.
2